t is 61010 - 8?
61001
In base 8, what is 7 + -532431?
-532422
In base 15, what is -54 - -3c1?
36c
In base 16, what is -1 + 3929?
3928
In base 2, what is -110011 + -1111010101?
-10000001000
In base 11, what is 652149 + 2?
652150
In base 6, what is -11225442 + -2?
-11225444
In base 4, what is -302 + 30130201?
30123233
In base 10, what is -453 - 12?
-465
In base 13, what is -29883 - 1b?
-298a1
In base 14, what is 3d68 - -22?
3d8a
In base 8, what is 27 - 21726?
-21677
In base 3, what is 1011111011 + -100?
1011110211
In base 2, what is 111010011000010001 - -1?
111010011000010010
In base 2, what is 101101000010 - -110100010?
110011100100
In base 7, what is -46311 + -1?
-46312
In base 3, what is -10100101 - 21?
-10100122
In base 15, what is -d9 - 51d?
-607
In base 6, what is 2233503 + 3?
2233510
In base 4, what is 23111022 - 3?
23111013
In base 13, what is 130564 + 5?
130569
In base 11, what is 575 - -319?
893
In base 14, what is 540 - 276?
2a8
In base 7, what is -124 - -1000?
543
In base 3, what is -11 - 1222211112?
-1222211200
In base 2, what is 10111011011011 - 11100001?
10110111111010
In base 11, what is -16 - -7769?
7753
In base 9, what is -6252 + 18?
-6233
In base 7, what is 10 - -64516?
64526
In base 11, what is -3 + 133a87?
133a84
In base 10, what is 443 + -346?
97
In base 9, what is -2687 - 48?
-2746
In base 6, what is 12344431 + 1?
12344432
In base 14, what is -10895 + 9?
-1088a
In base 5, what is -1200421 + 2?
-1200414
In base 15, what is -2 - 89398?
-8939a
In base 3, what is 0 + 200221120002?
200221120002
In base 9, what is 2 + -103180?
-103177
In base 15, what is 207 + 10ce?
12d6
In base 3, what is -12 + -21010122?
-21010211
In base 4, what is -2101300232 + 11?
-2101300221
In base 10, what is -38126 - 0?
-38126
In base 12, what is -5b57 + -10?
-5b67
In base 4, what is 21100 + 122222?
203322
In base 8, what is 500 + 243?
743
In base 12, what is 0 - -a39a5?
a39a5
In base 3, what is 20112 + -200001?
-102112
In base 5, what is 1132001434 + 0?
1132001434
In base 4, what is -11 + 1101110?
1101033
In base 14, what is 4 + -1c73d?
-1c739
In base 16, what is 4c6b + 38?
4ca3
In base 3, what is 10002202 - 12120?
2220012
In base 6, what is 11332 - -102?
11434
In base 9, what is 3 + 50732?
50735
In base 3, what is -2120111110 + 10?
-2120111100
In base 13, what is 625 - 23?
602
In base 2, what is 111110000 - -100100?
1000010100
In base 12, what is 65 - -14a4?
1549
In base 7, what is 3 + -1022563?
-1022560
In base 3, what is -12 + -20221012021?
-20221012110
In base 4, what is -123111 - 1?
-123112
In base 11, what is -255 - -935?
690
In base 15, what is -8 + -1d00?
-1d08
In base 11, what is 81 - 2a3?
-222
In base 8, what is 23 + 54116?
54141
In base 2, what is 1011 - 101000100100?
-101000011001
In base 7, what is 5 - 4552?
-4544
In base 13, what is -313 - -4b?
-295
In base 8, what is 3325 - -56?
3403
In base 15, what is -20 - -1a6b?
1a4b
In base 4, what is 21231332 + 3?
21232001
In base 10, what is 691 + -4409?
-3718
In base 8, what is -73566 + -5?
-73573
In base 11, what is -18 - 1696a2?
-16970a
In base 16, what is b36 + 39c?
ed2
In base 7, what is -2 - -4201501?
4201466
In base 7, what is 3 + 5025?
5031
In base 5, what is -332000432 + -10?
-332000442
In base 13, what is 17aa19 - 6?
17aa13
In base 14, what is -2917 + 2?
-2915
In base 12, what is -4 - 6352?
-6356
In base 10, what is 774570 + 5?
774575
In base 6, what is -2430 - 12022?
-14452
In base 16, what is -4270 - -28?
-4248
In base 8, what is -755 - -26?
-727
In base 13, what is 15 + 42c9?
4311
In base 13, what is -81 - 3435?
-34b6
In base 7, what is 362 + 12?
404
In base 16, what is 513e - -14?
5152
In base 7, what is 1241 + 263?
1534
In base 16, what is 7 + -607a?
-6073
In base 14, what is -2 + 54184?
54182
In base 12, what is -34176 - 5?
-3417b
In base 15, what is 70 - -4?
74
In base 4, what is -3131 - -2203313?
2200122
In base 14, what is -40 + -139?
-179
In base 8, what is 17056 - 0?
17056
In base 6, what is -5101 + -1133?
-10234
In base 10, what is -8 + -2161?
-2169
In base 8, what is 31 + -1351?
-1320
In base 7, what is 423113 - 0?
423113
In base 10, what is 2 + 392907?
392909
In base 15, what is -b09 + c1?
-a38
In base 14, what is -4d03 + -6?
-4d09
In base 8, what is 5 - 72477?
-72472
In base 9, what is 237730 + -1?
237728
In base 11, what is -1 - -703a42?
703a41
In base 2, what is 10 + -10010001101100?
-10010001101010
In base 9, what is -12831 + 8?
-12822
In base 15, what is 0 - 774?
-774
In base 8, what is -1210200 + -14?
-1210214
In base 4, what is -133212 - -132312?
-300
In base 2, what is 11 + 11110010110011?
11110010110110
In base 3, what is 20202 - -20101?
111010
In base 13, what is 1c - -bc0?
c0c
In base 16, what is 5 + 276b7?
276bc
In base 15, what is -48449 + 3?
-48446
In base 8, what is 23351 - 20?
23331
In base 10, what is 1500 + -728?
772
In base 2, what is 10000001011100 + -1000001?
10000000011011
In base 9, what is -2332840 + 1?
-2332838
In base 9, what is 168 + 232?
411
In base 16, what is 22f5 + 1f?
2314
In base 8, what is 66 + -1630?
-1542
In base 4, what is -22221 - -10121?
-12100
In base 14, what is -17 + 51?
38
In base 9, what is -1 + 326817?
326816
In base 10, what is 1 - -616930?
616931
In base 5, what is -3 - 113121?
-113124
In base 16, what is 30d7 + -3?
30d4
In base 16, what is -6452 - 5?
-6457
In base 11, what is -14 - 332?
-346
In base 3, what is -112002 + 2220112?
2101110
In base 7, what is -31 + 63?
32
In base 4, what is -1 + 10001223?
10001222
In base 12, what is -1 + 97a3?
97a2
In base 2, what is 100110011 + 10010001?
111000100
In base 14, what is -32a - -27?
-303
In base 5, what is 31 - -21011?
21042
In base 16, what is -14ee + a?
-14e4
In base 10, what is -149 - 130?
-279
In base 11, what is 1651 + 78?
1719
In base 7, what is -103464 + 524?
-102640
In base 4, what is -120322 - -11?
-120311
In base 16, what is ac630 - -4?
ac634
In base 8, what is -4 - 132214?
-132220
In base 2, what is 11100011010001110 + 10?
11100011010010000
In base 8, what is -2264772 + 15?
-2264755
In base 14, what is 2 - -166847?
166849
In base 8, what is -7164 - -63?
-7101
In base 14, what is -d883 + 5?
-d87c
In base 2, what is 11 + 11001001010011?
11001001010110
In base 11, what is 412 - -49?
460
In base 11, what is 49 - 1554?
-1506
In base 9, what is 14 + 11803?
11817
In base 10, what is 656 + 662?
1318
In base 4, what is 1032 + -2222200?
-2221102
In base 9, what is -5 + -14610?
-14615
In base 4, what is 1 - -32301113?
32301120
In base 14, what is 4a - 9769?
-971d
In base 6, what is 4041 + 10443?
14524
In base 15, what is -61 + -280?
-2e1
In base 10, what is -1025 + -455?
-1480
In base 13, what is 4 + -192804?
-192800
In base 12, what is 244b - 18?
2433
In base 2, what is -110010100 - 1011?
-110011111
In base 16, what is 13561 + 2?
13563
In base 2, what is 11011110011 - -101100001?
100001010100
In base 2, what is 1111 - 1001100001100?
-1001011111101
In base 16, what is -9 - ad4?
-add
In base 13, what is -2 + 179b8?
179b6
In base 11, what is 44180 - -37?
44207
In base 5, what is -1223 + 13310?
12032
In base 12, what is 2896 - -37?
2911
In base 11, what is 5 - -70594?
70599
In base 6, what is -35 - -505142?
505103
In base 6, what is -20 - -154512?
154452
In base 14, what is -3 - -4689?
4686
In base 6, what is -15 + -332321?
-332340
In base 4, what is -10 - 21000003?
-21000013
In base 9, what is 2815 + -10?
2805
In base 15, what is a26db + -9?
a26d2
In base 11, what is -a9 + -672?
-770
In base 2, what is 101 + 110010011110001?
110010011110110
In base 3, what is 12 + 2201221000?
2201221012
In base 10, what is 247 + 2350?
2597
In base 12, what is 9513 - a7?
9428
In base 16, what is 1817 - -f?
1826
In base 8, what is -23440003 - -1?
-23440002
In base 13, what is bc + 446?
535
In base 3, what is -1001 - -1112012?
1111011
In base 5, what is 0 - -3043302?
3043302
In base 4, what is -2 + 23021303?
23021301
In base 15, what is 0 + -5310?
-5310
In base 2, what is 100011010 - -1011?
100100101
In base 9, what is 14756 - -174?
15041
In base 13, what is -5 - -51cc?
51c7
In base 13, what is -6289 - ac?
-6368
In base 3, what is -102221 + 1020012?
210021
In base 13, what is -1 - 334b2?
-334b3
In base 12, what is 9 + -36a?
-361
In base 8, what is -12 + -64375?
-64407
In base 9, what is 1 - -37753?
